{"id":2754,"date":"2025-03-17T11:13:19","date_gmt":"2025-03-17T10:13:19","guid":{"rendered":"https:\/\/colours.pristup.net\/interpret\/saul\/"},"modified":"2025-03-30T14:25:33","modified_gmt":"2025-03-30T12:25:33","slug":"saul","status":"publish","type":"program","link":"https:\/\/colours.pristup.net\/en\/ucinkujici\/saul\/","title":{"rendered":"Saul"},"content":{"rendered":"\n<figure class=\"wp-block-embed is-type-video is-provider-youtube wp-block-embed-youtube wp-embed-aspect-16-9 wp-has-aspect-ratio\"><div class=\"wp-block-embed__wrapper\">\n<iframe loading=\"lazy\" title=\"Saul - V\u010dera Mi Zhorel Dom\" width=\"500\" height=\"281\" src=\"https:\/\/www.youtube.com\/embed\/0gVRA48AUps?feature=oembed\" frameborder=\"0\" allow=\"accelerometer; autoplay; clipboard-write; encrypted-media; gyroscope; picture-in-picture; web-share\" referrerpolicy=\"strict-origin-when-cross-origin\" allowfullscreen><\/iframe>\n<\/div><\/figure>\n\n\n\n<p>He made his mark on the music scene with his debut album Niekde v oblakoch (2020), which blended contemporary electronic sounds and R&amp;B influences, appealing to both pop and alternative audiences. This was followed by Chaos, vtedy a teraz (2022), and his latest release, S.A.M.O., which quickly achieved millions of streams within just three weeks of its January release.<\/p>\n\n\n\n<p><strong>Saul\u2019s music is infused with a melancholic atmosphere that can transport listeners to a state of euphoria.<\/strong> His new album features introspective lyrics about inner struggles and the search for one&#8217;s place in life. The artist has always placed a strong emphasis on the visual side of his work, <strong>drawing inspiration from the photography of Japanese architect Tadao Ando and the films of Andrei Tarkovsky.<\/strong> He also connects with the writings of Alejandro Jodorowsky, whose books have taught him to ask questions and remain sensitive to the world around him. S.A.M.O. offers an even deeper look into Saul\u2019s creative world, standing out for its authenticity and progressive sound, with collaborations featuring Viktor Sheen, Blanch, and Similivinlife.<\/p>\n","protected":false},"excerpt":{"rendered":"<p>Slovak singer, rapper, poet, and producer Saul is a member of the artistic collective WeLoveVerySimple, known for his velvety voice and Slovak lyrics. <\/p>\n","protected":false},"featured_media":1305,"menu_order":0,"template":"","meta":[],"program-year":[119],"program-genre":[180,258],"program-category":[120],"program-country":[245],"class_list":["post-2754","program","type-program","status-publish","has-post-thumbnail","hentry","program-genre-pop-en","program-genre-rnb-en","program-category-music-programme","program-country-slovensko-en"],"yoast_head":"<!-- This site is optimized with the Yoast SEO plugin v24.2 - https:\/\/yoast.com\/wordpress\/plugins\/seo\/ -->\n<title>Saul - Colours of Ostrava<\/title>\n<meta name=\"description\" content=\"Slovensk\u00fd hudebn\u00edk Saul vystoup\u00ed na Full Moon stage na Colours of Ostrava 2025. P\u0159ivese sm\u011bs R&amp;B a popu s alternativn\u00edm n\u00e1dechem.\" \/>\n<meta name=\"robots\" content=\"noindex, follow, max-snippet:-1, max-image-preview:large, max-video-preview:-1\" \/>\n<meta property=\"og:locale\" content=\"en_US\" \/>\n<meta property=\"og:type\" content=\"article\" \/>\n<meta property=\"og:title\" content=\"Saul - Colours of Ostrava\" \/>\n<meta property=\"og:description\" content=\"Slovensk\u00fd hudebn\u00edk Saul vystoup\u00ed na Full Moon stage na Colours of Ostrava 2025. P\u0159ivese sm\u011bs R&amp;B a popu s alternativn\u00edm n\u00e1dechem.\" \/>\n<meta property=\"og:url\" content=\"https:\/\/colours.pristup.net\/en\/ucinkujici\/saul\/\" \/>\n<meta property=\"og:site_name\" content=\"Colours of Ostrava\" \/>\n<meta property=\"article:modified_time\" content=\"2025-03-30T12:25:33+00:00\" \/>\n<meta property=\"og:image\" content=\"https:\/\/colours.pristup.net\/wp-content\/uploads\/2025\/03\/IMG_7493-scaled.jpeg\" \/>\n\t<meta property=\"og:image:width\" content=\"2560\" \/>\n\t<meta property=\"og:image:height\" content=\"2560\" \/>\n\t<meta property=\"og:image:type\" content=\"image\/jpeg\" \/>\n<meta name=\"twitter:card\" content=\"summary_large_image\" \/>\n<meta name=\"twitter:label1\" content=\"Est. reading time\" \/>\n\t<meta name=\"twitter:data1\" content=\"2 minutes\" \/>\n<!-- \/ Yoast SEO plugin. -->","yoast_head_json":{"title":"Saul - Colours of Ostrava","description":"Slovensk\u00fd hudebn\u00edk Saul vystoup\u00ed na Full Moon stage na Colours of Ostrava 2025. P\u0159ivese sm\u011bs R&B a popu s alternativn\u00edm n\u00e1dechem.","robots":{"index":"noindex","follow":"follow","max-snippet":"max-snippet:-1","max-image-preview":"max-image-preview:large","max-video-preview":"max-video-preview:-1"},"og_locale":"en_US","og_type":"article","og_title":"Saul - Colours of Ostrava","og_description":"Slovensk\u00fd hudebn\u00edk Saul vystoup\u00ed na Full Moon stage na Colours of Ostrava 2025. P\u0159ivese sm\u011bs R&B a popu s alternativn\u00edm n\u00e1dechem.","og_url":"https:\/\/colours.pristup.net\/en\/ucinkujici\/saul\/","og_site_name":"Colours of Ostrava","article_modified_time":"2025-03-30T12:25:33+00:00","og_image":[{"width":2560,"height":2560,"url":"https:\/\/colours.pristup.net\/wp-content\/uploads\/2025\/03\/IMG_7493-scaled.jpeg","type":"image\/jpeg"}],"twitter_card":"summary_large_image","twitter_misc":{"Est. reading time":"2 minutes"},"schema":{"@context":"https:\/\/schema.org","@graph":[{"@type":"WebPage","@id":"https:\/\/colours.pristup.net\/en\/ucinkujici\/saul\/","url":"https:\/\/colours.pristup.net\/en\/ucinkujici\/saul\/","name":"Saul - Colours of Ostrava","isPartOf":{"@id":"https:\/\/colours.pristup.net\/en\/#website"},"primaryImageOfPage":{"@id":"https:\/\/colours.pristup.net\/en\/ucinkujici\/saul\/#primaryimage"},"image":{"@id":"https:\/\/colours.pristup.net\/en\/ucinkujici\/saul\/#primaryimage"},"thumbnailUrl":"https:\/\/colours.pristup.net\/wp-content\/uploads\/2025\/03\/IMG_7493-scaled.jpeg","datePublished":"2025-03-17T10:13:19+00:00","dateModified":"2025-03-30T12:25:33+00:00","description":"Slovensk\u00fd hudebn\u00edk Saul vystoup\u00ed na Full Moon stage na Colours of Ostrava 2025. P\u0159ivese sm\u011bs R&B a popu s alternativn\u00edm n\u00e1dechem.","breadcrumb":{"@id":"https:\/\/colours.pristup.net\/en\/ucinkujici\/saul\/#breadcrumb"},"inLanguage":"en-US","potentialAction":[{"@type":"ReadAction","target":["https:\/\/colours.pristup.net\/en\/ucinkujici\/saul\/"]}]},{"@type":"ImageObject","inLanguage":"en-US","@id":"https:\/\/colours.pristup.net\/en\/ucinkujici\/saul\/#primaryimage","url":"https:\/\/colours.pristup.net\/wp-content\/uploads\/2025\/03\/IMG_7493-scaled.jpeg","contentUrl":"https:\/\/colours.pristup.net\/wp-content\/uploads\/2025\/03\/IMG_7493-scaled.jpeg","width":2560,"height":2560},{"@type":"BreadcrumbList","@id":"https:\/\/colours.pristup.net\/en\/ucinkujici\/saul\/#breadcrumb","itemListElement":[{"@type":"ListItem","position":1,"name":"Dom\u016f","item":"https:\/\/colours.pristup.net\/en\/"},{"@type":"ListItem","position":2,"name":"Saul"}]},{"@type":"WebSite","@id":"https:\/\/colours.pristup.net\/en\/#website","url":"https:\/\/colours.pristup.net\/en\/","name":"Colours of Ostrava","description":"","potentialAction":[{"@type":"SearchAction","target":{"@type":"EntryPoint","urlTemplate":"https:\/\/colours.pristup.net\/en\/?s={search_term_string}"},"query-input":{"@type":"PropertyValueSpecification","valueRequired":true,"valueName":"search_term_string"}}],"inLanguage":"en-US"}]}},"program-params-interpret-block-order":"","program-params-thumbnail-mobile-id":"","program-params-sign-language-available":"","program-params-timeline-description":"","program-tickets-not-included":"","program-events-items-ids":"","program-spotify-iframe":"&#60;iframe style=&#34;border-radius:12px&#34; src=&#34;https:\/\/open.spotify.com\/embed\/artist\/6xg3PSVEwviVyfnx3mtsPL?utm_source=generator&#34; width=&#34;100%&#34; height=&#34;352&#34; frameBorder=&#34;0&#34; allowfullscreen=&#34;&#34; allow=&#34;autoplay; clipboard-write; encrypted-media; fullscreen; picture-in-picture&#34; loading=&#34;lazy&#34;&#62;&#60;\/iframe&#62;","program-spotify-position":"right","program-socials-facebook":"","program-socials-youtube":"","program-socials-spotify":"https:\/\/open.spotify.com\/artist\/6xg3PSVEwviVyfnx3mtsPL?si=hdvpTBj9RNuFvtSHj9FMdw","program-socials-instagram":"https:\/\/www.instagram.com\/saul_wlvs\/?hl=cs","program-socials-threads":"","program-socials-tiktok":"","program-socials-linkedin":"","program-gallery-items-ids":[{"program-items-url":"","program-items-title":"","program-items-description":"","program-items-duration":"","program-items-image-id":""}],"program-discover-title":"","program-discover-show-in-modal":"","program-discover-items-ids":"","_links":{"self":[{"href":"https:\/\/colours.pristup.net\/en\/wp-json\/wp\/v2\/program\/2754","targetHints":{"allow":["GET"]}}],"collection":[{"href":"https:\/\/colours.pristup.net\/en\/wp-json\/wp\/v2\/program"}],"about":[{"href":"https:\/\/colours.pristup.net\/en\/wp-json\/wp\/v2\/types\/program"}],"wp:featuredmedia":[{"embeddable":true,"href":"https:\/\/colours.pristup.net\/en\/wp-json\/wp\/v2\/media\/1305"}],"wp:attachment":[{"href":"https:\/\/colours.pristup.net\/en\/wp-json\/wp\/v2\/media?parent=2754"}],"wp:term":[{"taxonomy":"program-year","embeddable":true,"href":"https:\/\/colours.pristup.net\/en\/wp-json\/wp\/v2\/program-year?post=2754"},{"taxonomy":"program-genre","embeddable":true,"href":"https:\/\/colours.pristup.net\/en\/wp-json\/wp\/v2\/program-genre?post=2754"},{"taxonomy":"program-category","embeddable":true,"href":"https:\/\/colours.pristup.net\/en\/wp-json\/wp\/v2\/program-category?post=2754"},{"taxonomy":"program-country","embeddable":true,"href":"https:\/\/colours.pristup.net\/en\/wp-json\/wp\/v2\/program-country?post=2754"}],"curies":[{"name":"wp","href":"https:\/\/api.w.org\/{rel}","templated":true}]}}

<figure class="wp-block-embed is-type-video is-provider-youtube wp-block-embed-youtube wp-embed-aspect-16-9 wp-has-aspect-ratio"><div class="wp-block-embed__wrapper">
<iframe loading="lazy" title="Saul - Včera Mi Zhorel Dom" width="500" height="281" src="https://www.youtube.com/embed/0gVRA48AUps?feature=oembed" frameborder="0" allow="accelerometer; autoplay; clipboard-write; encrypted-media; gyroscope; picture-in-picture; web-share" referrerpolicy="strict-origin-when-cross-origin" allowfullscreen></iframe>
</div></figure>



<p>He made his mark on the music scene with his debut album Niekde v oblakoch (2020), which blended contemporary electronic sounds and R&amp;B influences, appealing to both pop and alternative audiences. This was followed by Chaos, vtedy a teraz (2022), and his latest release, S.A.M.O., which quickly achieved millions of streams within just three weeks of its January release.</p>



<p><strong>Saul’s music is infused with a melancholic atmosphere that can transport listeners to a state of euphoria.</strong> His new album features introspective lyrics about inner struggles and the search for one&#8217;s place in life. The artist has always placed a strong emphasis on the visual side of his work, <strong>drawing inspiration from the photography of Japanese architect Tadao Ando and the films of Andrei Tarkovsky.</strong> He also connects with the writings of Alejandro Jodorowsky, whose books have taught him to ask questions and remain sensitive to the world around him. S.A.M.O. offers an even deeper look into Saul’s creative world, standing out for its authenticity and progressive sound, with collaborations featuring Viktor Sheen, Blanch, and Similivinlife.</p>

<!-- This site is optimized with the Yoast SEO plugin v24.2 - https://yoast.com/wordpress/plugins/seo/ -->
<title>Saul - Colours of Ostrava</title>
<meta name="description" content="Slovenský hudebník Saul vystoupí na Full Moon stage na Colours of Ostrava 2025. Přivese směs R&amp;B a popu s alternativním nádechem." />
<meta name="robots" content="noindex, follow, max-snippet:-1, max-image-preview:large, max-video-preview:-1" />
<meta property="og:locale" content="en_US" />
<meta property="og:type" content="article" />
<meta property="og:title" content="Saul - Colours of Ostrava" />
<meta property="og:description" content="Slovenský hudebník Saul vystoupí na Full Moon stage na Colours of Ostrava 2025. Přivese směs R&amp;B a popu s alternativním nádechem." />
<meta property="og:url" content="https://colours.pristup.net/en/ucinkujici/saul/" />
<meta property="og:site_name" content="Colours of Ostrava" />
<meta property="article:modified_time" content="2025-03-30T12:25:33+00:00" />
<meta property="og:image" content="https://colours.pristup.net/wp-content/uploads/2025/03/IMG_7493-scaled.jpeg" />
	<meta property="og:image:width" content="2560" />
	<meta property="og:image:height" content="2560" />
	<meta property="og:image:type" content="image/jpeg" />
<meta name="twitter:card" content="summary_large_image" />
<meta name="twitter:label1" content="Est. reading time" />
	<meta name="twitter:data1" content="2 minutes" />
<!-- / Yoast SEO plugin. -->

Slovenský hudebník Saul vystoupí na Full Moon stage na Colours of Ostrava 2025. Přivese směs R&B a popu s alternativním nádechem.

Domů
