{"id":2788,"date":"2025-03-11T13:07:58","date_gmt":"2025-03-11T12:07:58","guid":{"rendered":"https:\/\/colours.pristup.net\/interpret\/nedivoc\/"},"modified":"2025-03-30T15:36:33","modified_gmt":"2025-03-30T13:36:33","slug":"nedivoc","status":"publish","type":"program","link":"https:\/\/colours.pristup.net\/en\/ucinkujici\/nedivoc\/","title":{"rendered":"Nedivo\u010d"},"content":{"rendered":"\n<figure class=\"wp-block-embed is-type-video is-provider-youtube wp-block-embed-youtube wp-embed-aspect-16-9 wp-has-aspect-ratio\"><div class=\"wp-block-embed__wrapper\">\n<iframe loading=\"lazy\" title=\"NEDIVO\u010c - Lovec v pasti na medv\u011bdy (ofici\u00e1ln\u00ed videoklip)\" width=\"500\" height=\"281\" src=\"https:\/\/www.youtube.com\/embed\/91nzP--zxKA?feature=oembed\" frameborder=\"0\" allow=\"accelerometer; autoplay; clipboard-write; encrypted-media; gyroscope; picture-in-picture; web-share\" referrerpolicy=\"strict-origin-when-cross-origin\" allowfullscreen><\/iframe>\n<\/div><\/figure>\n\n\n\n<p>While he may not always be in the spotlight, the band&#8217;s core has always been Ji\u0159\u00ed Krhut, who started behind the drums. It\u2019s common for members of Nedivo\u010d to appear in other local projects and for guest stars like Ond\u0159ej Ruml, Marie Rottrov\u00e1, Franti\u0161ek Segrado, or, most recently, ZZZLATAN, to join in, as heard on their track Chr\u00e1m.<\/p>\n\n\n\n<p>Their debut album, Vale pletich\u00e1m, released in 2018,<strong> showcases the band\u2019s beautiful diversity and musical playfulness. <\/strong>One moment rock, the next chanson, and even a ballad. The band\u2019s track Fotky z v\u00fdletu became widely recognized through the TV series sKORO NA mizin\u011b, helping them reach a larger audience. They followed this success with their second album, Sv\u00edt\u00e1, released in early 2022, which introduced a new dimension to their sound by incorporating Slovak lyrics in the track Pozit\u00edvna. <strong>Like chameleons, Nedivo\u010d is known for their ability to adapt effortlessly to their environment, and this extends to their live performances. <\/strong>While some might argue that they shine best in the intimacy of smaller clubs, we\u2019re confident that they will bring something special to the expansive stage at Colours of Ostrava.<\/p>\n","protected":false},"excerpt":{"rendered":"<p>It\u2019s been nearly nine years since the story of this band of friends began. They are a vital part of Ostrava&#8217;s unique music scene, which thrives on collaboration and connection.<\/p>\n","protected":false},"featured_media":1234,"menu_order":0,"template":"","meta":[],"program-year":[119],"program-genre":[260,181],"program-category":[120],"program-country":[],"class_list":["post-2788","program","type-program","status-publish","has-post-thumbnail","hentry","program-genre-indie-en","program-genre-rock-en","program-category-music-programme"],"yoast_head":"<!-- This site is optimized with the Yoast SEO plugin v24.2 - https:\/\/yoast.com\/wordpress\/plugins\/seo\/ -->\n<title>Nedivo\u010d - Colours of Ostrava<\/title>\n<meta name=\"robots\" content=\"noindex, follow, max-snippet:-1, max-image-preview:large, max-video-preview:-1\" \/>\n<meta property=\"og:locale\" content=\"en_US\" \/>\n<meta property=\"og:type\" content=\"article\" \/>\n<meta property=\"og:title\" content=\"Nedivo\u010d - Colours of Ostrava\" \/>\n<meta property=\"og:description\" content=\"It\u2019s been nearly nine years since the story of this band of friends began. They are a vital part of Ostrava&#039;s unique music scene, which thrives on collaboration and connection.\" \/>\n<meta property=\"og:url\" content=\"https:\/\/colours.pristup.net\/en\/ucinkujici\/nedivoc\/\" \/>\n<meta property=\"og:site_name\" content=\"Colours of Ostrava\" \/>\n<meta property=\"article:modified_time\" content=\"2025-03-30T13:36:33+00:00\" \/>\n<meta property=\"og:image\" content=\"https:\/\/colours.pristup.net\/wp-content\/uploads\/2025\/03\/Copy-of-_DSC4445-scaled.jpg\" \/>\n\t<meta property=\"og:image:width\" content=\"2560\" \/>\n\t<meta property=\"og:image:height\" content=\"1706\" \/>\n\t<meta property=\"og:image:type\" content=\"image\/jpeg\" \/>\n<meta name=\"twitter:card\" content=\"summary_large_image\" \/>\n<meta name=\"twitter:label1\" content=\"Est. reading time\" \/>\n\t<meta name=\"twitter:data1\" content=\"2 minutes\" \/>\n<!-- \/ Yoast SEO plugin. -->","yoast_head_json":{"title":"Nedivo\u010d - Colours of Ostrava","robots":{"index":"noindex","follow":"follow","max-snippet":"max-snippet:-1","max-image-preview":"max-image-preview:large","max-video-preview":"max-video-preview:-1"},"og_locale":"en_US","og_type":"article","og_title":"Nedivo\u010d - Colours of Ostrava","og_description":"It\u2019s been nearly nine years since the story of this band of friends began. They are a vital part of Ostrava's unique music scene, which thrives on collaboration and connection.","og_url":"https:\/\/colours.pristup.net\/en\/ucinkujici\/nedivoc\/","og_site_name":"Colours of Ostrava","article_modified_time":"2025-03-30T13:36:33+00:00","og_image":[{"width":2560,"height":1706,"url":"https:\/\/colours.pristup.net\/wp-content\/uploads\/2025\/03\/Copy-of-_DSC4445-scaled.jpg","type":"image\/jpeg"}],"twitter_card":"summary_large_image","twitter_misc":{"Est. reading time":"2 minutes"},"schema":{"@context":"https:\/\/schema.org","@graph":[{"@type":"WebPage","@id":"https:\/\/colours.pristup.net\/en\/ucinkujici\/nedivoc\/","url":"https:\/\/colours.pristup.net\/en\/ucinkujici\/nedivoc\/","name":"Nedivo\u010d - Colours of Ostrava","isPartOf":{"@id":"https:\/\/colours.pristup.net\/en\/#website"},"primaryImageOfPage":{"@id":"https:\/\/colours.pristup.net\/en\/ucinkujici\/nedivoc\/#primaryimage"},"image":{"@id":"https:\/\/colours.pristup.net\/en\/ucinkujici\/nedivoc\/#primaryimage"},"thumbnailUrl":"https:\/\/colours.pristup.net\/wp-content\/uploads\/2025\/03\/Copy-of-_DSC4445-scaled.jpg","datePublished":"2025-03-11T12:07:58+00:00","dateModified":"2025-03-30T13:36:33+00:00","breadcrumb":{"@id":"https:\/\/colours.pristup.net\/en\/ucinkujici\/nedivoc\/#breadcrumb"},"inLanguage":"en-US","potentialAction":[{"@type":"ReadAction","target":["https:\/\/colours.pristup.net\/en\/ucinkujici\/nedivoc\/"]}]},{"@type":"ImageObject","inLanguage":"en-US","@id":"https:\/\/colours.pristup.net\/en\/ucinkujici\/nedivoc\/#primaryimage","url":"https:\/\/colours.pristup.net\/wp-content\/uploads\/2025\/03\/Copy-of-_DSC4445-scaled.jpg","contentUrl":"https:\/\/colours.pristup.net\/wp-content\/uploads\/2025\/03\/Copy-of-_DSC4445-scaled.jpg","width":2560,"height":1706},{"@type":"BreadcrumbList","@id":"https:\/\/colours.pristup.net\/en\/ucinkujici\/nedivoc\/#breadcrumb","itemListElement":[{"@type":"ListItem","position":1,"name":"Dom\u016f","item":"https:\/\/colours.pristup.net\/en\/"},{"@type":"ListItem","position":2,"name":"Nedivo\u010d"}]},{"@type":"WebSite","@id":"https:\/\/colours.pristup.net\/en\/#website","url":"https:\/\/colours.pristup.net\/en\/","name":"Colours of Ostrava","description":"","potentialAction":[{"@type":"SearchAction","target":{"@type":"EntryPoint","urlTemplate":"https:\/\/colours.pristup.net\/en\/?s={search_term_string}"},"query-input":{"@type":"PropertyValueSpecification","valueRequired":true,"valueName":"search_term_string"}}],"inLanguage":"en-US"}]}},"program-params-interpret-block-order":"","program-params-thumbnail-mobile-id":"","program-params-sign-language-available":"","program-params-timeline-description":"","program-tickets-not-included":"","program-events-items-ids":"","program-spotify-iframe":"","program-spotify-position":"center","program-socials-facebook":"","program-socials-youtube":"https:\/\/www.youtube.com\/channel\/UC0QKn8Lj46aoVwtT2AEEbDw","program-socials-spotify":"https:\/\/open.spotify.com\/artist\/1Lgikd2gh00akDVQy1LRKG?si=mQCu8Va7SUqk3LXo9mBH6A","program-socials-instagram":"https:\/\/www.instagram.com\/nedivoc\/","program-socials-threads":"","program-socials-tiktok":"","program-socials-linkedin":"","program-gallery-items-ids":[{"program-items-url":"","program-items-title":"","program-items-description":"","program-items-duration":"","program-items-image-id":""}],"program-discover-title":"","program-discover-show-in-modal":"","program-discover-items-ids":"","_links":{"self":[{"href":"https:\/\/colours.pristup.net\/en\/wp-json\/wp\/v2\/program\/2788","targetHints":{"allow":["GET"]}}],"collection":[{"href":"https:\/\/colours.pristup.net\/en\/wp-json\/wp\/v2\/program"}],"about":[{"href":"https:\/\/colours.pristup.net\/en\/wp-json\/wp\/v2\/types\/program"}],"wp:featuredmedia":[{"embeddable":true,"href":"https:\/\/colours.pristup.net\/en\/wp-json\/wp\/v2\/media\/1234"}],"wp:attachment":[{"href":"https:\/\/colours.pristup.net\/en\/wp-json\/wp\/v2\/media?parent=2788"}],"wp:term":[{"taxonomy":"program-year","embeddable":true,"href":"https:\/\/colours.pristup.net\/en\/wp-json\/wp\/v2\/program-year?post=2788"},{"taxonomy":"program-genre","embeddable":true,"href":"https:\/\/colours.pristup.net\/en\/wp-json\/wp\/v2\/program-genre?post=2788"},{"taxonomy":"program-category","embeddable":true,"href":"https:\/\/colours.pristup.net\/en\/wp-json\/wp\/v2\/program-category?post=2788"},{"taxonomy":"program-country","embeddable":true,"href":"https:\/\/colours.pristup.net\/en\/wp-json\/wp\/v2\/program-country?post=2788"}],"curies":[{"name":"wp","href":"https:\/\/api.w.org\/{rel}","templated":true}]}}

Nedivoč

<figure class="wp-block-embed is-type-video is-provider-youtube wp-block-embed-youtube wp-embed-aspect-16-9 wp-has-aspect-ratio"><div class="wp-block-embed__wrapper">
<iframe loading="lazy" title="NEDIVOČ - Lovec v pasti na medvědy (oficiální videoklip)" width="500" height="281" src="https://www.youtube.com/embed/91nzP--zxKA?feature=oembed" frameborder="0" allow="accelerometer; autoplay; clipboard-write; encrypted-media; gyroscope; picture-in-picture; web-share" referrerpolicy="strict-origin-when-cross-origin" allowfullscreen></iframe>
</div></figure>



<p>While he may not always be in the spotlight, the band&#8217;s core has always been Jiří Krhut, who started behind the drums. It’s common for members of Nedivoč to appear in other local projects and for guest stars like Ondřej Ruml, Marie Rottrová, František Segrado, or, most recently, ZZZLATAN, to join in, as heard on their track Chrám.</p>



<p>Their debut album, Vale pletichám, released in 2018,<strong> showcases the band’s beautiful diversity and musical playfulness. </strong>One moment rock, the next chanson, and even a ballad. The band’s track Fotky z výletu became widely recognized through the TV series sKORO NA mizině, helping them reach a larger audience. They followed this success with their second album, Svítá, released in early 2022, which introduced a new dimension to their sound by incorporating Slovak lyrics in the track Pozitívna. <strong>Like chameleons, Nedivoč is known for their ability to adapt effortlessly to their environment, and this extends to their live performances. </strong>While some might argue that they shine best in the intimacy of smaller clubs, we’re confident that they will bring something special to the expansive stage at Colours of Ostrava.</p>

<!-- This site is optimized with the Yoast SEO plugin v24.2 - https://yoast.com/wordpress/plugins/seo/ -->
<title>Nedivoč - Colours of Ostrava</title>
<meta name="robots" content="noindex, follow, max-snippet:-1, max-image-preview:large, max-video-preview:-1" />
<meta property="og:locale" content="en_US" />
<meta property="og:type" content="article" />
<meta property="og:title" content="Nedivoč - Colours of Ostrava" />
<meta property="og:description" content="It’s been nearly nine years since the story of this band of friends began. They are a vital part of Ostrava&#039;s unique music scene, which thrives on collaboration and connection." />
<meta property="og:url" content="https://colours.pristup.net/en/ucinkujici/nedivoc/" />
<meta property="og:site_name" content="Colours of Ostrava" />
<meta property="article:modified_time" content="2025-03-30T13:36:33+00:00" />
<meta property="og:image" content="https://colours.pristup.net/wp-content/uploads/2025/03/Copy-of-_DSC4445-scaled.jpg" />
	<meta property="og:image:width" content="2560" />
	<meta property="og:image:height" content="1706" />
	<meta property="og:image:type" content="image/jpeg" />
<meta name="twitter:card" content="summary_large_image" />
<meta name="twitter:label1" content="Est. reading time" />
	<meta name="twitter:data1" content="2 minutes" />
<!-- / Yoast SEO plugin. -->

Nedivoč - Colours of Ostrava

Domů
