{"id":2791,"date":"2025-03-11T12:55:15","date_gmt":"2025-03-11T11:55:15","guid":{"rendered":"https:\/\/colours.pristup.net\/interpret\/more-dni\/"},"modified":"2025-03-30T15:49:58","modified_gmt":"2025-03-30T13:49:58","slug":"more-dni","status":"publish","type":"program","link":"https:\/\/colours.pristup.net\/en\/ucinkujici\/more-dni\/","title":{"rendered":"Mo\u0159e dn\u00ed"},"content":{"rendered":"\n<p>Originally a one-man project, it began to take shape when he teamed up with Luk\u00e1\u0161 Luk\u00e1\u0161 for the mixing of his tracks. The debut EP, featuring the song <strong>Vlasy na sebe<\/strong>, didn\u2019t take long to appear, and soon after, live performance offers started rolling in.<\/p>\n\n\n\n<p>What initially began without grand ambitions quickly evolved into a full-fledged band with a distinctive sound, skillfully blending catchy pop melodies with post-punk riffs. Alongside infectious tunes that walk the fine line between alternative music and broader appeal, the band&#8217;s poetry is a standout feature. Their lyrics capture the simple ease of existence \u2014 when trucks are driven by millions of people, when the radio plays what feels right, and when mistakes happen to everybody and at every age. This is exactly how it sounds on their 2023 self-titled album Mo\u0159e dn\u00ed. We can\u2019t wait to sit down with Mo\u0159e dn\u00ed, let them speak their truth, and say, <strong>\u201cHey, guys.\u201d But in reverse, just to add that Lynchian touch.<\/strong><\/p>\n","protected":false},"excerpt":{"rendered":"<p>What do the TV series, Twin Peaks and the band Buty have in common? Allegedly, you can hear that connection in the music of Mo\u0159e dn\u00ed. Martin &#8220;Marcyn&#8221; Hampel has been a fixture on the Ostrava music scene for quite some time. Some of you may remember the band Places, which took their indie rock beyond Czech borders. But after the first lockdown in 2020, Marcyn began composing his own music, this time in Czech rather than English.<\/p>\n","protected":false},"featured_media":1233,"menu_order":0,"template":"","meta":[],"program-year":[119],"program-genre":[260,181],"program-category":[120],"program-country":[256],"class_list":["post-2791","program","type-program","status-publish","has-post-thumbnail","hentry","program-genre-indie-en","program-genre-rock-en","program-category-music-programme","program-country-cesko-en"],"yoast_head":"<!-- This site is optimized with the Yoast SEO plugin v24.2 - https:\/\/yoast.com\/wordpress\/plugins\/seo\/ -->\n<title>Mo\u0159e dn\u00ed - Colours of Ostrava<\/title>\n<meta name=\"description\" content=\"Je libo trochu alternativn\u00edho rocku? Kapela Mo\u0159e dn\u00ed zahraje na festivalu Colours of Ostrava 2025. M\u00e1me se na co t\u011b\u0161it!\" \/>\n<meta name=\"robots\" content=\"noindex, follow, max-snippet:-1, max-image-preview:large, max-video-preview:-1\" \/>\n<meta property=\"og:locale\" content=\"en_US\" \/>\n<meta property=\"og:type\" content=\"article\" \/>\n<meta property=\"og:title\" content=\"Mo\u0159e dn\u00ed - Colours of Ostrava\" \/>\n<meta property=\"og:description\" content=\"Je libo trochu alternativn\u00edho rocku? Kapela Mo\u0159e dn\u00ed zahraje na festivalu Colours of Ostrava 2025. M\u00e1me se na co t\u011b\u0161it!\" \/>\n<meta property=\"og:url\" content=\"https:\/\/colours.pristup.net\/en\/ucinkujici\/more-dni\/\" \/>\n<meta property=\"og:site_name\" content=\"Colours of Ostrava\" \/>\n<meta property=\"article:modified_time\" content=\"2025-03-30T13:49:58+00:00\" \/>\n<meta property=\"og:image\" content=\"https:\/\/colours.pristup.net\/wp-content\/uploads\/2025\/03\/02-by-Libor-Cinegr-1024x732.jpg\" \/>\n\t<meta property=\"og:image:width\" content=\"1024\" \/>\n\t<meta property=\"og:image:height\" content=\"732\" \/>\n\t<meta property=\"og:image:type\" content=\"image\/jpeg\" \/>\n<meta name=\"twitter:card\" content=\"summary_large_image\" \/>\n<meta name=\"twitter:label1\" content=\"Est. reading time\" \/>\n\t<meta name=\"twitter:data1\" content=\"2 minutes\" \/>\n<!-- \/ Yoast SEO plugin. -->","yoast_head_json":{"title":"Mo\u0159e dn\u00ed - Colours of Ostrava","description":"Je libo trochu alternativn\u00edho rocku? Kapela Mo\u0159e dn\u00ed zahraje na festivalu Colours of Ostrava 2025. M\u00e1me se na co t\u011b\u0161it!","robots":{"index":"noindex","follow":"follow","max-snippet":"max-snippet:-1","max-image-preview":"max-image-preview:large","max-video-preview":"max-video-preview:-1"},"og_locale":"en_US","og_type":"article","og_title":"Mo\u0159e dn\u00ed - Colours of Ostrava","og_description":"Je libo trochu alternativn\u00edho rocku? Kapela Mo\u0159e dn\u00ed zahraje na festivalu Colours of Ostrava 2025. M\u00e1me se na co t\u011b\u0161it!","og_url":"https:\/\/colours.pristup.net\/en\/ucinkujici\/more-dni\/","og_site_name":"Colours of Ostrava","article_modified_time":"2025-03-30T13:49:58+00:00","og_image":[{"width":1024,"height":732,"url":"https:\/\/colours.pristup.net\/wp-content\/uploads\/2025\/03\/02-by-Libor-Cinegr-1024x732.jpg","type":"image\/jpeg"}],"twitter_card":"summary_large_image","twitter_misc":{"Est. reading time":"2 minutes"},"schema":{"@context":"https:\/\/schema.org","@graph":[{"@type":"WebPage","@id":"https:\/\/colours.pristup.net\/en\/ucinkujici\/more-dni\/","url":"https:\/\/colours.pristup.net\/en\/ucinkujici\/more-dni\/","name":"Mo\u0159e dn\u00ed - Colours of Ostrava","isPartOf":{"@id":"https:\/\/colours.pristup.net\/en\/#website"},"primaryImageOfPage":{"@id":"https:\/\/colours.pristup.net\/en\/ucinkujici\/more-dni\/#primaryimage"},"image":{"@id":"https:\/\/colours.pristup.net\/en\/ucinkujici\/more-dni\/#primaryimage"},"thumbnailUrl":"https:\/\/colours.pristup.net\/wp-content\/uploads\/2025\/03\/02-by-Libor-Cinegr.jpg","datePublished":"2025-03-11T11:55:15+00:00","dateModified":"2025-03-30T13:49:58+00:00","description":"Je libo trochu alternativn\u00edho rocku? Kapela Mo\u0159e dn\u00ed zahraje na festivalu Colours of Ostrava 2025. M\u00e1me se na co t\u011b\u0161it!","breadcrumb":{"@id":"https:\/\/colours.pristup.net\/en\/ucinkujici\/more-dni\/#breadcrumb"},"inLanguage":"en-US","potentialAction":[{"@type":"ReadAction","target":["https:\/\/colours.pristup.net\/en\/ucinkujici\/more-dni\/"]}]},{"@type":"ImageObject","inLanguage":"en-US","@id":"https:\/\/colours.pristup.net\/en\/ucinkujici\/more-dni\/#primaryimage","url":"https:\/\/colours.pristup.net\/wp-content\/uploads\/2025\/03\/02-by-Libor-Cinegr.jpg","contentUrl":"https:\/\/colours.pristup.net\/wp-content\/uploads\/2025\/03\/02-by-Libor-Cinegr.jpg","width":2000,"height":1429},{"@type":"BreadcrumbList","@id":"https:\/\/colours.pristup.net\/en\/ucinkujici\/more-dni\/#breadcrumb","itemListElement":[{"@type":"ListItem","position":1,"name":"Dom\u016f","item":"https:\/\/colours.pristup.net\/en\/"},{"@type":"ListItem","position":2,"name":"Mo\u0159e dn\u00ed"}]},{"@type":"WebSite","@id":"https:\/\/colours.pristup.net\/en\/#website","url":"https:\/\/colours.pristup.net\/en\/","name":"Colours of Ostrava","description":"","potentialAction":[{"@type":"SearchAction","target":{"@type":"EntryPoint","urlTemplate":"https:\/\/colours.pristup.net\/en\/?s={search_term_string}"},"query-input":{"@type":"PropertyValueSpecification","valueRequired":true,"valueName":"search_term_string"}}],"inLanguage":"en-US"}]}},"program-params-interpret-block-order":"","program-params-thumbnail-mobile-id":"","program-params-sign-language-available":"","program-params-timeline-description":"","program-tickets-not-included":"","program-events-items-ids":"","program-spotify-iframe":"&#60;iframe style=&#34;border-radius:12px&#34; src=&#34;https:\/\/open.spotify.com\/embed\/artist\/6XtgmUDBifN4Idr5cTnlpc?utm_source=generator&#34; width=&#34;100%&#34; height=&#34;352&#34; frameBorder=&#34;0&#34; allowfullscreen=&#34;&#34; allow=&#34;autoplay; clipboard-write; encrypted-media; fullscreen; picture-in-picture&#34; loading=&#34;lazy&#34;&#62;&#60;\/iframe&#62;","program-spotify-position":"center","program-socials-facebook":"","program-socials-youtube":"https:\/\/www.youtube.com\/channel\/UCRQLJ0PcEiXjkfquO-gSuoQ","program-socials-spotify":"https:\/\/open.spotify.com\/artist\/6XtgmUDBifN4Idr5cTnlpc?si=-RPsyogGTfONTiF4xMDpRQ","program-socials-instagram":"","program-socials-threads":"","program-socials-tiktok":"","program-socials-linkedin":"","program-gallery-items-ids":[{"program-items-url":"","program-items-title":"","program-items-description":"","program-items-duration":"","program-items-image-id":""}],"program-discover-title":"","program-discover-show-in-modal":"","program-discover-items-ids":"","_links":{"self":[{"href":"https:\/\/colours.pristup.net\/en\/wp-json\/wp\/v2\/program\/2791","targetHints":{"allow":["GET"]}}],"collection":[{"href":"https:\/\/colours.pristup.net\/en\/wp-json\/wp\/v2\/program"}],"about":[{"href":"https:\/\/colours.pristup.net\/en\/wp-json\/wp\/v2\/types\/program"}],"wp:featuredmedia":[{"embeddable":true,"href":"https:\/\/colours.pristup.net\/en\/wp-json\/wp\/v2\/media\/1233"}],"wp:attachment":[{"href":"https:\/\/colours.pristup.net\/en\/wp-json\/wp\/v2\/media?parent=2791"}],"wp:term":[{"taxonomy":"program-year","embeddable":true,"href":"https:\/\/colours.pristup.net\/en\/wp-json\/wp\/v2\/program-year?post=2791"},{"taxonomy":"program-genre","embeddable":true,"href":"https:\/\/colours.pristup.net\/en\/wp-json\/wp\/v2\/program-genre?post=2791"},{"taxonomy":"program-category","embeddable":true,"href":"https:\/\/colours.pristup.net\/en\/wp-json\/wp\/v2\/program-category?post=2791"},{"taxonomy":"program-country","embeddable":true,"href":"https:\/\/colours.pristup.net\/en\/wp-json\/wp\/v2\/program-country?post=2791"}],"curies":[{"name":"wp","href":"https:\/\/api.w.org\/{rel}","templated":true}]}}

Moře dní

<p>Originally a one-man project, it began to take shape when he teamed up with Lukáš Lukáš for the mixing of his tracks. The debut EP, featuring the song <strong>Vlasy na sebe</strong>, didn’t take long to appear, and soon after, live performance offers started rolling in.</p>



<p>What initially began without grand ambitions quickly evolved into a full-fledged band with a distinctive sound, skillfully blending catchy pop melodies with post-punk riffs. Alongside infectious tunes that walk the fine line between alternative music and broader appeal, the band&#8217;s poetry is a standout feature. Their lyrics capture the simple ease of existence — when trucks are driven by millions of people, when the radio plays what feels right, and when mistakes happen to everybody and at every age. This is exactly how it sounds on their 2023 self-titled album Moře dní. We can’t wait to sit down with Moře dní, let them speak their truth, and say, <strong>“Hey, guys.” But in reverse, just to add that Lynchian touch.</strong></p>

<p>What do the TV series, Twin Peaks and the band Buty have in common? Allegedly, you can hear that connection in the music of Moře dní. Martin &#8220;Marcyn&#8221; Hampel has been a fixture on the Ostrava music scene for quite some time. Some of you may remember the band Places, which took their indie rock beyond Czech borders. But after the first lockdown in 2020, Marcyn began composing his own music, this time in Czech rather than English.</p>

<!-- This site is optimized with the Yoast SEO plugin v24.2 - https://yoast.com/wordpress/plugins/seo/ -->
<title>Moře dní - Colours of Ostrava</title>
<meta name="description" content="Je libo trochu alternativního rocku? Kapela Moře dní zahraje na festivalu Colours of Ostrava 2025. Máme se na co těšit!" />
<meta name="robots" content="noindex, follow, max-snippet:-1, max-image-preview:large, max-video-preview:-1" />
<meta property="og:locale" content="en_US" />
<meta property="og:type" content="article" />
<meta property="og:title" content="Moře dní - Colours of Ostrava" />
<meta property="og:description" content="Je libo trochu alternativního rocku? Kapela Moře dní zahraje na festivalu Colours of Ostrava 2025. Máme se na co těšit!" />
<meta property="og:url" content="https://colours.pristup.net/en/ucinkujici/more-dni/" />
<meta property="og:site_name" content="Colours of Ostrava" />
<meta property="article:modified_time" content="2025-03-30T13:49:58+00:00" />
<meta property="og:image" content="https://colours.pristup.net/wp-content/uploads/2025/03/02-by-Libor-Cinegr-1024x732.jpg" />
	<meta property="og:image:width" content="1024" />
	<meta property="og:image:height" content="732" />
	<meta property="og:image:type" content="image/jpeg" />
<meta name="twitter:card" content="summary_large_image" />
<meta name="twitter:label1" content="Est. reading time" />
	<meta name="twitter:data1" content="2 minutes" />
<!-- / Yoast SEO plugin. -->

Moře dní - Colours of Ostrava

Je libo trochu alternativního rocku? Kapela Moře dní zahraje na festivalu Colours of Ostrava 2025. Máme se na co těšit!

Domů
