{"id":2797,"date":"2025-03-10T11:17:58","date_gmt":"2025-03-10T10:17:58","guid":{"rendered":"https:\/\/colours.pristup.net\/interpret\/marcell-fiedlerski\/"},"modified":"2025-03-30T15:58:50","modified_gmt":"2025-03-30T13:58:50","slug":"marcell-fiedlerski","status":"publish","type":"program","link":"https:\/\/colours.pristup.net\/en\/ucinkujici\/marcell-fiedlerski\/","title":{"rendered":"Marcell &amp; fiedlerski"},"content":{"rendered":"\n<figure class=\"wp-block-embed is-type-video is-provider-youtube wp-block-embed-youtube wp-embed-aspect-16-9 wp-has-aspect-ratio\"><div class=\"wp-block-embed__wrapper\">\n<iframe loading=\"lazy\" title=\"Marcell - Sliby (Official Music Video)\" width=\"500\" height=\"281\" src=\"https:\/\/www.youtube.com\/embed\/7hGexe2C6u4?feature=oembed\" frameborder=\"0\" allow=\"accelerometer; autoplay; clipboard-write; encrypted-media; gyroscope; picture-in-picture; web-share\" referrerpolicy=\"strict-origin-when-cross-origin\" allowfullscreen><\/iframe>\n<\/div><\/figure>\n\n\n\n<p>Marcel Proch\u00e1zka has been a fixture in the music scene for years. With his Olomouc-based band No Distance Paradise, he masterfully captured the energy of catchy guitar-driven indie rock, drawing inspiration from the UK\u2019s indie scene. But Marcel soon ventured solo, shifting from the independent music world towards the mainstream, only to realize that the space where he truly belongs is the one where he can be himself. In that sense, his journey mirrors the confidence he showed in earning his medical degree.<\/p>\n\n\n\n<p>His debut solo album, Hovory dom\u016f, arrived in 2022, with themes of separation and self-searching. But it was his second album, DU\u0160E, KTER\u00c1 OPUSTILA TENTO SV\u011aT, V\u00c1\u017d\u00cd 21 GRAM\u016e (released in late 2023), that explored deeper emotions of loss. The record served as a personal reflection not only from Marcel but also from the album\u2019s producer and co-author fiedlerski, who had recently lost his father. The collaboration between <strong>Marcel and fiedlerski<\/strong> continued with Vanilkov\u00e9 nebe, a track released on Valentine\u2019s Day, heralding the upcoming album due in the first half of 2025. This new work promises to be infused with positivity and fresh energy, drawn from the time they spent in the Italian countryside. Along with new tracks, fans can expect to hear some of the old favorites in their live set, with Maty\u00e1\u0161 Vorda joining them on drums. Molto bello, non vediamo l\u00b4ora!<\/p>\n","protected":false},"excerpt":{"rendered":"<p>\u201cWe got lost, and then we found ourselves, who knows what comes next,\u201d sings Marcell in his single D\u00e9\u0161\u0165. But we do know what comes next \u2013 a performance at Colours of Ostrava!<\/p>\n","protected":false},"featured_media":1231,"menu_order":0,"template":"","meta":[],"program-year":[119],"program-genre":[180,258,181],"program-category":[120],"program-country":[256],"class_list":["post-2797","program","type-program","status-publish","has-post-thumbnail","hentry","program-genre-pop-en","program-genre-rnb-en","program-genre-rock-en","program-category-music-programme","program-country-cesko-en"],"yoast_head":"<!-- This site is optimized with the Yoast SEO plugin v24.2 - https:\/\/yoast.com\/wordpress\/plugins\/seo\/ -->\n<title>Marcell &amp; fiedlerski - Colours of Ostrava<\/title>\n<meta name=\"description\" content=\"Koncertn\u00ed sestava Marcell a fiedlerski zahraje na Colours of Ostrava sv\u00e9 hlavn\u00ed hity. T\u011b\u0161\u00edme se na live vystoupen\u00ed\" \/>\n<meta name=\"robots\" content=\"noindex, follow, max-snippet:-1, max-image-preview:large, max-video-preview:-1\" \/>\n<meta property=\"og:locale\" content=\"en_US\" \/>\n<meta property=\"og:type\" content=\"article\" \/>\n<meta property=\"og:title\" content=\"Marcell &amp; fiedlerski - Colours of Ostrava\" \/>\n<meta property=\"og:description\" content=\"Koncertn\u00ed sestava Marcell a fiedlerski zahraje na Colours of Ostrava sv\u00e9 hlavn\u00ed hity. T\u011b\u0161\u00edme se na live vystoupen\u00ed\" \/>\n<meta property=\"og:url\" content=\"https:\/\/colours.pristup.net\/en\/ucinkujici\/marcell-fiedlerski\/\" \/>\n<meta property=\"og:site_name\" content=\"Colours of Ostrava\" \/>\n<meta property=\"article:modified_time\" content=\"2025-03-30T13:58:50+00:00\" \/>\n<meta property=\"og:image\" content=\"https:\/\/colours.pristup.net\/wp-content\/uploads\/2025\/03\/Marcell-fiedlerski-1024x732.jpg\" \/>\n\t<meta property=\"og:image:width\" content=\"1024\" \/>\n\t<meta property=\"og:image:height\" content=\"732\" \/>\n\t<meta property=\"og:image:type\" content=\"image\/jpeg\" \/>\n<meta name=\"twitter:card\" content=\"summary_large_image\" \/>\n<meta name=\"twitter:label1\" content=\"Est. reading time\" \/>\n\t<meta name=\"twitter:data1\" content=\"2 minutes\" \/>\n<!-- \/ Yoast SEO plugin. -->","yoast_head_json":{"title":"Marcell &amp; fiedlerski - Colours of Ostrava","description":"Koncertn\u00ed sestava Marcell a fiedlerski zahraje na Colours of Ostrava sv\u00e9 hlavn\u00ed hity. T\u011b\u0161\u00edme se na live vystoupen\u00ed","robots":{"index":"noindex","follow":"follow","max-snippet":"max-snippet:-1","max-image-preview":"max-image-preview:large","max-video-preview":"max-video-preview:-1"},"og_locale":"en_US","og_type":"article","og_title":"Marcell &amp; fiedlerski - Colours of Ostrava","og_description":"Koncertn\u00ed sestava Marcell a fiedlerski zahraje na Colours of Ostrava sv\u00e9 hlavn\u00ed hity. T\u011b\u0161\u00edme se na live vystoupen\u00ed","og_url":"https:\/\/colours.pristup.net\/en\/ucinkujici\/marcell-fiedlerski\/","og_site_name":"Colours of Ostrava","article_modified_time":"2025-03-30T13:58:50+00:00","og_image":[{"width":1024,"height":732,"url":"https:\/\/colours.pristup.net\/wp-content\/uploads\/2025\/03\/Marcell-fiedlerski-1024x732.jpg","type":"image\/jpeg"}],"twitter_card":"summary_large_image","twitter_misc":{"Est. reading time":"2 minutes"},"schema":{"@context":"https:\/\/schema.org","@graph":[{"@type":"WebPage","@id":"https:\/\/colours.pristup.net\/en\/ucinkujici\/marcell-fiedlerski\/","url":"https:\/\/colours.pristup.net\/en\/ucinkujici\/marcell-fiedlerski\/","name":"Marcell &amp; fiedlerski - Colours of Ostrava","isPartOf":{"@id":"https:\/\/colours.pristup.net\/en\/#website"},"primaryImageOfPage":{"@id":"https:\/\/colours.pristup.net\/en\/ucinkujici\/marcell-fiedlerski\/#primaryimage"},"image":{"@id":"https:\/\/colours.pristup.net\/en\/ucinkujici\/marcell-fiedlerski\/#primaryimage"},"thumbnailUrl":"https:\/\/colours.pristup.net\/wp-content\/uploads\/2025\/03\/Marcell-fiedlerski.jpg","datePublished":"2025-03-10T10:17:58+00:00","dateModified":"2025-03-30T13:58:50+00:00","description":"Koncertn\u00ed sestava Marcell a fiedlerski zahraje na Colours of Ostrava sv\u00e9 hlavn\u00ed hity. T\u011b\u0161\u00edme se na live vystoupen\u00ed","breadcrumb":{"@id":"https:\/\/colours.pristup.net\/en\/ucinkujici\/marcell-fiedlerski\/#breadcrumb"},"inLanguage":"en-US","potentialAction":[{"@type":"ReadAction","target":["https:\/\/colours.pristup.net\/en\/ucinkujici\/marcell-fiedlerski\/"]}]},{"@type":"ImageObject","inLanguage":"en-US","@id":"https:\/\/colours.pristup.net\/en\/ucinkujici\/marcell-fiedlerski\/#primaryimage","url":"https:\/\/colours.pristup.net\/wp-content\/uploads\/2025\/03\/Marcell-fiedlerski.jpg","contentUrl":"https:\/\/colours.pristup.net\/wp-content\/uploads\/2025\/03\/Marcell-fiedlerski.jpg","width":2500,"height":1786},{"@type":"BreadcrumbList","@id":"https:\/\/colours.pristup.net\/en\/ucinkujici\/marcell-fiedlerski\/#breadcrumb","itemListElement":[{"@type":"ListItem","position":1,"name":"Dom\u016f","item":"https:\/\/colours.pristup.net\/en\/"},{"@type":"ListItem","position":2,"name":"Marcell &amp; fiedlerski"}]},{"@type":"WebSite","@id":"https:\/\/colours.pristup.net\/en\/#website","url":"https:\/\/colours.pristup.net\/en\/","name":"Colours of Ostrava","description":"","potentialAction":[{"@type":"SearchAction","target":{"@type":"EntryPoint","urlTemplate":"https:\/\/colours.pristup.net\/en\/?s={search_term_string}"},"query-input":{"@type":"PropertyValueSpecification","valueRequired":true,"valueName":"search_term_string"}}],"inLanguage":"en-US"}]}},"program-params-interpret-block-order":"","program-params-thumbnail-mobile-id":"","program-params-sign-language-available":"","program-params-timeline-description":"","program-tickets-not-included":"","program-events-items-ids":"","program-spotify-iframe":"&#60;iframe style=&#34;border-radius:12px&#34; src=&#34;https:\/\/open.spotify.com\/embed\/artist\/7F71W80jaXFARK7hBjsDI2?utm_source=generator&#34; width=&#34;100%&#34; height=&#34;352&#34; frameBorder=&#34;0&#34; allowfullscreen=&#34;&#34; allow=&#34;autoplay; clipboard-write; encrypted-media; fullscreen; picture-in-picture&#34; loading=&#34;lazy&#34;&#62;&#60;\/iframe&#62;","program-spotify-position":"right","program-socials-facebook":"https:\/\/www.facebook.com\/musicmarcell","program-socials-youtube":"https:\/\/www.youtube.com\/channel\/UCDxeeta0LuAW73a7rOYQ8VA","program-socials-spotify":"https:\/\/open.spotify.com\/artist\/7F71W80jaXFARK7hBjsDI2?si=2Cw0IiihQ4evaFxhwjQvFw","program-socials-instagram":"https:\/\/www.instagram.com\/marcell_music\/?hl=cs","program-socials-threads":"","program-socials-tiktok":"","program-socials-linkedin":"","program-gallery-items-ids":[{"program-items-url":"","program-items-title":"","program-items-description":"","program-items-duration":"","program-items-image-id":""}],"program-discover-title":"","program-discover-show-in-modal":"","program-discover-items-ids":"","_links":{"self":[{"href":"https:\/\/colours.pristup.net\/en\/wp-json\/wp\/v2\/program\/2797","targetHints":{"allow":["GET"]}}],"collection":[{"href":"https:\/\/colours.pristup.net\/en\/wp-json\/wp\/v2\/program"}],"about":[{"href":"https:\/\/colours.pristup.net\/en\/wp-json\/wp\/v2\/types\/program"}],"wp:featuredmedia":[{"embeddable":true,"href":"https:\/\/colours.pristup.net\/en\/wp-json\/wp\/v2\/media\/1231"}],"wp:attachment":[{"href":"https:\/\/colours.pristup.net\/en\/wp-json\/wp\/v2\/media?parent=2797"}],"wp:term":[{"taxonomy":"program-year","embeddable":true,"href":"https:\/\/colours.pristup.net\/en\/wp-json\/wp\/v2\/program-year?post=2797"},{"taxonomy":"program-genre","embeddable":true,"href":"https:\/\/colours.pristup.net\/en\/wp-json\/wp\/v2\/program-genre?post=2797"},{"taxonomy":"program-category","embeddable":true,"href":"https:\/\/colours.pristup.net\/en\/wp-json\/wp\/v2\/program-category?post=2797"},{"taxonomy":"program-country","embeddable":true,"href":"https:\/\/colours.pristup.net\/en\/wp-json\/wp\/v2\/program-country?post=2797"}],"curies":[{"name":"wp","href":"https:\/\/api.w.org\/{rel}","templated":true}]}}

<figure class="wp-block-embed is-type-video is-provider-youtube wp-block-embed-youtube wp-embed-aspect-16-9 wp-has-aspect-ratio"><div class="wp-block-embed__wrapper">
<iframe loading="lazy" title="Marcell - Sliby (Official Music Video)" width="500" height="281" src="https://www.youtube.com/embed/7hGexe2C6u4?feature=oembed" frameborder="0" allow="accelerometer; autoplay; clipboard-write; encrypted-media; gyroscope; picture-in-picture; web-share" referrerpolicy="strict-origin-when-cross-origin" allowfullscreen></iframe>
</div></figure>



<p>Marcel Procházka has been a fixture in the music scene for years. With his Olomouc-based band No Distance Paradise, he masterfully captured the energy of catchy guitar-driven indie rock, drawing inspiration from the UK’s indie scene. But Marcel soon ventured solo, shifting from the independent music world towards the mainstream, only to realize that the space where he truly belongs is the one where he can be himself. In that sense, his journey mirrors the confidence he showed in earning his medical degree.</p>



<p>His debut solo album, Hovory domů, arrived in 2022, with themes of separation and self-searching. But it was his second album, DUŠE, KTERÁ OPUSTILA TENTO SVĚT, VÁŽÍ 21 GRAMŮ (released in late 2023), that explored deeper emotions of loss. The record served as a personal reflection not only from Marcel but also from the album’s producer and co-author fiedlerski, who had recently lost his father. The collaboration between <strong>Marcel and fiedlerski</strong> continued with Vanilkové nebe, a track released on Valentine’s Day, heralding the upcoming album due in the first half of 2025. This new work promises to be infused with positivity and fresh energy, drawn from the time they spent in the Italian countryside. Along with new tracks, fans can expect to hear some of the old favorites in their live set, with Matyáš Vorda joining them on drums. Molto bello, non vediamo l´ora!</p>

<p>“We got lost, and then we found ourselves, who knows what comes next,” sings Marcell in his single Déšť. But we do know what comes next – a performance at Colours of Ostrava!</p>

<!-- This site is optimized with the Yoast SEO plugin v24.2 - https://yoast.com/wordpress/plugins/seo/ -->
<title>Marcell &amp; fiedlerski - Colours of Ostrava</title>
<meta name="description" content="Koncertní sestava Marcell a fiedlerski zahraje na Colours of Ostrava své hlavní hity. Těšíme se na live vystoupení" />
<meta name="robots" content="noindex, follow, max-snippet:-1, max-image-preview:large, max-video-preview:-1" />
<meta property="og:locale" content="en_US" />
<meta property="og:type" content="article" />
<meta property="og:title" content="Marcell &amp; fiedlerski - Colours of Ostrava" />
<meta property="og:description" content="Koncertní sestava Marcell a fiedlerski zahraje na Colours of Ostrava své hlavní hity. Těšíme se na live vystoupení" />
<meta property="og:url" content="https://colours.pristup.net/en/ucinkujici/marcell-fiedlerski/" />
<meta property="og:site_name" content="Colours of Ostrava" />
<meta property="article:modified_time" content="2025-03-30T13:58:50+00:00" />
<meta property="og:image" content="https://colours.pristup.net/wp-content/uploads/2025/03/Marcell-fiedlerski-1024x732.jpg" />
	<meta property="og:image:width" content="1024" />
	<meta property="og:image:height" content="732" />
	<meta property="og:image:type" content="image/jpeg" />
<meta name="twitter:card" content="summary_large_image" />
<meta name="twitter:label1" content="Est. reading time" />
	<meta name="twitter:data1" content="2 minutes" />
<!-- / Yoast SEO plugin. -->

Koncertní sestava Marcell a fiedlerski zahraje na Colours of Ostrava své hlavní hity. Těšíme se na live vystoupení

Domů
