{"id":2803,"date":"2025-03-10T10:53:49","date_gmt":"2025-03-10T09:53:49","guid":{"rendered":"https:\/\/colours.pristup.net\/interpret\/j-a-r\/"},"modified":"2025-03-30T16:07:47","modified_gmt":"2025-03-30T14:07:47","slug":"j-a-r","status":"publish","type":"program","link":"https:\/\/colours.pristup.net\/en\/ucinkujici\/j-a-r\/","title":{"rendered":"J.A.R."},"content":{"rendered":"\n<figure class=\"wp-block-embed is-type-video is-provider-youtube wp-block-embed-youtube wp-embed-aspect-16-9 wp-has-aspect-ratio\"><div class=\"wp-block-embed__wrapper\">\n<iframe loading=\"lazy\" title=\"J.A.R. - Jsem vymletej (Official Video)\" width=\"500\" height=\"281\" src=\"https:\/\/www.youtube.com\/embed\/4hgmD69wpZE?feature=oembed\" frameborder=\"0\" allow=\"accelerometer; autoplay; clipboard-write; encrypted-media; gyroscope; picture-in-picture; web-share\" referrerpolicy=\"strict-origin-when-cross-origin\" allowfullscreen><\/iframe>\n<\/div><\/figure>\n\n\n\n<p>Boldness and unconventionality haven&#8217;t faded with age; their musical journeys, laced with wordplay, venture into realms beyond the gaze of local and perhaps even international musicians. An intense funk odyssey will resound above Doln\u00ed V\u00edtkovice during the 22nd edition of the beloved multi-genre festival <strong>Colours of Ostrava<\/strong>.<\/p>\n\n\n\n<p>Audiences will marvel at Roman\u2019s mastery of an arsenal of keyboards, envy Dan\u2019s ability to rock two brilliant bands at one festival, and stand in awe of Michael\u2019s enduring charisma, still rocking his iconic mesh tank top decades after earning the title of Czechoslovak rap champion. J.A.R. is a ten-piece force of nature, a raucous brotherhood of Homo Fonkianz delivering electrifying energy, clever humor, and a healthy dose of chaos. Expect an unapologetically raw performance, where funk meets rap and unpredictability reigns supreme. Whether you&#8217;re a longtime fan or new to the phenomenon, J.A.R.\u2019s live show is pure Eskalace dobra, a jubilant explosion of sound and spectacle that\u2019ll leave you exhilarated.<\/p>\n\n\n\n<figure class=\"wp-block-embed is-type-rich is-provider-spotify wp-block-embed-spotify wp-embed-aspect-21-9 wp-has-aspect-ratio\"><div class=\"wp-block-embed__wrapper\">\n<iframe title=\"Spotify Embed: J.A.R.\" style=\"border-radius: 12px\" width=\"100%\" height=\"352\" frameborder=\"0\" allowfullscreen allow=\"autoplay; clipboard-write; encrypted-media; fullscreen; picture-in-picture\" loading=\"lazy\" src=\"https:\/\/open.spotify.com\/embed\/artist\/1v9mneHZBOqfEnPxcoJDDa?si=evJpTrY-Rmu9vgjXVhD1zw&#038;utm_source=oembed\"><\/iframe>\n<\/div><\/figure>\n","protected":false},"excerpt":{"rendered":"<p>Where were you on November 17, 1989? This isn\u2019t about the clinking of keys on N\u00e1rodn\u00ed t\u0159\u00edda \u2013 The Rap Revolution happened that day too. On that historic day, in a small spot in Sm\u00edchov, Prague, the seeds of J.A.R. (Jednotka Akademick\u00e9ho Rapu) were sown. Over the past 35 years, this multi-headed beast has become a cornerstone of the Czech music scene.<\/p>\n","protected":false},"featured_media":1229,"menu_order":0,"template":"","meta":[],"program-year":[119],"program-genre":[179,181],"program-category":[120],"program-country":[256],"class_list":["post-2803","program","type-program","status-publish","has-post-thumbnail","hentry","program-genre-jazz-en","program-genre-rock-en","program-category-music-programme","program-country-cesko-en"],"yoast_head":"<!-- This site is optimized with the Yoast SEO plugin v24.2 - https:\/\/yoast.com\/wordpress\/plugins\/seo\/ -->\n<title>J.A.R. - Colours of Ostrava<\/title>\n<meta name=\"description\" content=\"Hudebn\u00ed kapela J.A.R. to rozbal\u00ed na hudebn\u00edm festivalu Colours of Ostrava 2025. Vychutnejte si nadupan\u00fd koncert st\u00e1lice \u010desk\u00e9 hudebn\u00ed sc\u00e9ny\" \/>\n<meta name=\"robots\" content=\"noindex, follow, max-snippet:-1, max-image-preview:large, max-video-preview:-1\" \/>\n<meta property=\"og:locale\" content=\"en_US\" \/>\n<meta property=\"og:type\" content=\"article\" \/>\n<meta property=\"og:title\" content=\"J.A.R. - Colours of Ostrava\" \/>\n<meta property=\"og:description\" content=\"Hudebn\u00ed kapela J.A.R. to rozbal\u00ed na hudebn\u00edm festivalu Colours of Ostrava 2025. Vychutnejte si nadupan\u00fd koncert st\u00e1lice \u010desk\u00e9 hudebn\u00ed sc\u00e9ny\" \/>\n<meta property=\"og:url\" content=\"https:\/\/colours.pristup.net\/en\/ucinkujici\/j-a-r\/\" \/>\n<meta property=\"og:site_name\" content=\"Colours of Ostrava\" \/>\n<meta property=\"article:modified_time\" content=\"2025-03-30T14:07:47+00:00\" \/>\n<meta property=\"og:image\" content=\"https:\/\/colours.pristup.net\/wp-content\/uploads\/2025\/03\/0D2A1136-002.jpg\" \/>\n\t<meta property=\"og:image:width\" content=\"2048\" \/>\n\t<meta property=\"og:image:height\" content=\"1527\" \/>\n\t<meta property=\"og:image:type\" content=\"image\/jpeg\" \/>\n<meta name=\"twitter:card\" content=\"summary_large_image\" \/>\n<meta name=\"twitter:label1\" content=\"Est. reading time\" \/>\n\t<meta name=\"twitter:data1\" content=\"2 minutes\" \/>\n<!-- \/ Yoast SEO plugin. -->","yoast_head_json":{"title":"J.A.R. - Colours of Ostrava","description":"Hudebn\u00ed kapela J.A.R. to rozbal\u00ed na hudebn\u00edm festivalu Colours of Ostrava 2025. Vychutnejte si nadupan\u00fd koncert st\u00e1lice \u010desk\u00e9 hudebn\u00ed sc\u00e9ny","robots":{"index":"noindex","follow":"follow","max-snippet":"max-snippet:-1","max-image-preview":"max-image-preview:large","max-video-preview":"max-video-preview:-1"},"og_locale":"en_US","og_type":"article","og_title":"J.A.R. - Colours of Ostrava","og_description":"Hudebn\u00ed kapela J.A.R. to rozbal\u00ed na hudebn\u00edm festivalu Colours of Ostrava 2025. Vychutnejte si nadupan\u00fd koncert st\u00e1lice \u010desk\u00e9 hudebn\u00ed sc\u00e9ny","og_url":"https:\/\/colours.pristup.net\/en\/ucinkujici\/j-a-r\/","og_site_name":"Colours of Ostrava","article_modified_time":"2025-03-30T14:07:47+00:00","og_image":[{"width":2048,"height":1527,"url":"https:\/\/colours.pristup.net\/wp-content\/uploads\/2025\/03\/0D2A1136-002.jpg","type":"image\/jpeg"}],"twitter_card":"summary_large_image","twitter_misc":{"Est. reading time":"2 minutes"},"schema":{"@context":"https:\/\/schema.org","@graph":[{"@type":"WebPage","@id":"https:\/\/colours.pristup.net\/en\/ucinkujici\/j-a-r\/","url":"https:\/\/colours.pristup.net\/en\/ucinkujici\/j-a-r\/","name":"J.A.R. - Colours of Ostrava","isPartOf":{"@id":"https:\/\/colours.pristup.net\/en\/#website"},"primaryImageOfPage":{"@id":"https:\/\/colours.pristup.net\/en\/ucinkujici\/j-a-r\/#primaryimage"},"image":{"@id":"https:\/\/colours.pristup.net\/en\/ucinkujici\/j-a-r\/#primaryimage"},"thumbnailUrl":"https:\/\/colours.pristup.net\/wp-content\/uploads\/2025\/03\/0D2A1136-002.jpg","datePublished":"2025-03-10T09:53:49+00:00","dateModified":"2025-03-30T14:07:47+00:00","description":"Hudebn\u00ed kapela J.A.R. to rozbal\u00ed na hudebn\u00edm festivalu Colours of Ostrava 2025. Vychutnejte si nadupan\u00fd koncert st\u00e1lice \u010desk\u00e9 hudebn\u00ed sc\u00e9ny","breadcrumb":{"@id":"https:\/\/colours.pristup.net\/en\/ucinkujici\/j-a-r\/#breadcrumb"},"inLanguage":"en-US","potentialAction":[{"@type":"ReadAction","target":["https:\/\/colours.pristup.net\/en\/ucinkujici\/j-a-r\/"]}]},{"@type":"ImageObject","inLanguage":"en-US","@id":"https:\/\/colours.pristup.net\/en\/ucinkujici\/j-a-r\/#primaryimage","url":"https:\/\/colours.pristup.net\/wp-content\/uploads\/2025\/03\/0D2A1136-002.jpg","contentUrl":"https:\/\/colours.pristup.net\/wp-content\/uploads\/2025\/03\/0D2A1136-002.jpg","width":2048,"height":1527},{"@type":"BreadcrumbList","@id":"https:\/\/colours.pristup.net\/en\/ucinkujici\/j-a-r\/#breadcrumb","itemListElement":[{"@type":"ListItem","position":1,"name":"Dom\u016f","item":"https:\/\/colours.pristup.net\/en\/"},{"@type":"ListItem","position":2,"name":"J.A.R."}]},{"@type":"WebSite","@id":"https:\/\/colours.pristup.net\/en\/#website","url":"https:\/\/colours.pristup.net\/en\/","name":"Colours of Ostrava","description":"","potentialAction":[{"@type":"SearchAction","target":{"@type":"EntryPoint","urlTemplate":"https:\/\/colours.pristup.net\/en\/?s={search_term_string}"},"query-input":{"@type":"PropertyValueSpecification","valueRequired":true,"valueName":"search_term_string"}}],"inLanguage":"en-US"}]}},"program-params-interpret-block-order":"","program-params-thumbnail-mobile-id":"","program-params-sign-language-available":"","program-params-timeline-description":"","program-tickets-not-included":"","program-events-items-ids":"","program-spotify-iframe":"","program-spotify-position":"center","program-socials-facebook":"https:\/\/www.facebook.com\/jarprague\/?locale=cs_CZ","program-socials-youtube":"https:\/\/www.youtube.com\/@JARVEVO","program-socials-spotify":"https:\/\/open.spotify.com\/artist\/1v9mneHZBOqfEnPxcoJDDa?si=evJpTrY-Rmu9vgjXVhD1zw","program-socials-instagram":"https:\/\/www.instagram.com\/jarprague\/?hl=cs","program-socials-threads":"","program-socials-tiktok":"","program-socials-linkedin":"","program-gallery-items-ids":[{"program-items-url":"","program-items-title":"","program-items-description":"","program-items-duration":"","program-items-image-id":""}],"program-discover-title":"","program-discover-show-in-modal":"","program-discover-items-ids":"","_links":{"self":[{"href":"https:\/\/colours.pristup.net\/en\/wp-json\/wp\/v2\/program\/2803","targetHints":{"allow":["GET"]}}],"collection":[{"href":"https:\/\/colours.pristup.net\/en\/wp-json\/wp\/v2\/program"}],"about":[{"href":"https:\/\/colours.pristup.net\/en\/wp-json\/wp\/v2\/types\/program"}],"wp:featuredmedia":[{"embeddable":true,"href":"https:\/\/colours.pristup.net\/en\/wp-json\/wp\/v2\/media\/1229"}],"wp:attachment":[{"href":"https:\/\/colours.pristup.net\/en\/wp-json\/wp\/v2\/media?parent=2803"}],"wp:term":[{"taxonomy":"program-year","embeddable":true,"href":"https:\/\/colours.pristup.net\/en\/wp-json\/wp\/v2\/program-year?post=2803"},{"taxonomy":"program-genre","embeddable":true,"href":"https:\/\/colours.pristup.net\/en\/wp-json\/wp\/v2\/program-genre?post=2803"},{"taxonomy":"program-category","embeddable":true,"href":"https:\/\/colours.pristup.net\/en\/wp-json\/wp\/v2\/program-category?post=2803"},{"taxonomy":"program-country","embeddable":true,"href":"https:\/\/colours.pristup.net\/en\/wp-json\/wp\/v2\/program-country?post=2803"}],"curies":[{"name":"wp","href":"https:\/\/api.w.org\/{rel}","templated":true}]}}

<figure class="wp-block-embed is-type-video is-provider-youtube wp-block-embed-youtube wp-embed-aspect-16-9 wp-has-aspect-ratio"><div class="wp-block-embed__wrapper">
<iframe loading="lazy" title="J.A.R. - Jsem vymletej (Official Video)" width="500" height="281" src="https://www.youtube.com/embed/4hgmD69wpZE?feature=oembed" frameborder="0" allow="accelerometer; autoplay; clipboard-write; encrypted-media; gyroscope; picture-in-picture; web-share" referrerpolicy="strict-origin-when-cross-origin" allowfullscreen></iframe>
</div></figure>



<p>Boldness and unconventionality haven&#8217;t faded with age; their musical journeys, laced with wordplay, venture into realms beyond the gaze of local and perhaps even international musicians. An intense funk odyssey will resound above Dolní Vítkovice during the 22nd edition of the beloved multi-genre festival <strong>Colours of Ostrava</strong>.</p>



<p>Audiences will marvel at Roman’s mastery of an arsenal of keyboards, envy Dan’s ability to rock two brilliant bands at one festival, and stand in awe of Michael’s enduring charisma, still rocking his iconic mesh tank top decades after earning the title of Czechoslovak rap champion. J.A.R. is a ten-piece force of nature, a raucous brotherhood of Homo Fonkianz delivering electrifying energy, clever humor, and a healthy dose of chaos. Expect an unapologetically raw performance, where funk meets rap and unpredictability reigns supreme. Whether you&#8217;re a longtime fan or new to the phenomenon, J.A.R.’s live show is pure Eskalace dobra, a jubilant explosion of sound and spectacle that’ll leave you exhilarated.</p>



<figure class="wp-block-embed is-type-rich is-provider-spotify wp-block-embed-spotify wp-embed-aspect-21-9 wp-has-aspect-ratio"><div class="wp-block-embed__wrapper">
<iframe title="Spotify Embed: J.A.R." style="border-radius: 12px" width="100%" height="352" frameborder="0" allowfullscreen allow="autoplay; clipboard-write; encrypted-media; fullscreen; picture-in-picture" loading="lazy" src="https://open.spotify.com/embed/artist/1v9mneHZBOqfEnPxcoJDDa?si=evJpTrY-Rmu9vgjXVhD1zw&#038;utm_source=oembed"></iframe>
</div></figure>

<p>Where were you on November 17, 1989? This isn’t about the clinking of keys on Národní třída – The Rap Revolution happened that day too. On that historic day, in a small spot in Smíchov, Prague, the seeds of J.A.R. (Jednotka Akademického Rapu) were sown. Over the past 35 years, this multi-headed beast has become a cornerstone of the Czech music scene.</p>

<!-- This site is optimized with the Yoast SEO plugin v24.2 - https://yoast.com/wordpress/plugins/seo/ -->
<title>J.A.R. - Colours of Ostrava</title>
<meta name="description" content="Hudební kapela J.A.R. to rozbalí na hudebním festivalu Colours of Ostrava 2025. Vychutnejte si nadupaný koncert stálice české hudební scény" />
<meta name="robots" content="noindex, follow, max-snippet:-1, max-image-preview:large, max-video-preview:-1" />
<meta property="og:locale" content="en_US" />
<meta property="og:type" content="article" />
<meta property="og:title" content="J.A.R. - Colours of Ostrava" />
<meta property="og:description" content="Hudební kapela J.A.R. to rozbalí na hudebním festivalu Colours of Ostrava 2025. Vychutnejte si nadupaný koncert stálice české hudební scény" />
<meta property="og:url" content="https://colours.pristup.net/en/ucinkujici/j-a-r/" />
<meta property="og:site_name" content="Colours of Ostrava" />
<meta property="article:modified_time" content="2025-03-30T14:07:47+00:00" />
<meta property="og:image" content="https://colours.pristup.net/wp-content/uploads/2025/03/0D2A1136-002.jpg" />
	<meta property="og:image:width" content="2048" />
	<meta property="og:image:height" content="1527" />
	<meta property="og:image:type" content="image/jpeg" />
<meta name="twitter:card" content="summary_large_image" />
<meta name="twitter:label1" content="Est. reading time" />
	<meta name="twitter:data1" content="2 minutes" />
<!-- / Yoast SEO plugin. -->

Hudební kapela J.A.R. to rozbalí na hudebním festivalu Colours of Ostrava 2025. Vychutnejte si nadupaný koncert stálice české hudební scény

Domů
