{"id":2825,"date":"2025-03-10T09:39:39","date_gmt":"2025-03-10T08:39:39","guid":{"rendered":"https:\/\/colours.pristup.net\/interpret\/bez-ladu-a-skladu\/"},"modified":"2025-03-30T16:22:31","modified_gmt":"2025-03-30T14:22:31","slug":"bez-ladu-a-skladu","status":"publish","type":"program","link":"https:\/\/colours.pristup.net\/en\/ucinkujici\/bez-ladu-a-skladu\/","title":{"rendered":"Bez Ladu A Skladu"},"content":{"rendered":"\n<figure class=\"wp-block-image size-large\"><img loading=\"lazy\" decoding=\"async\" width=\"1024\" height=\"683\" src=\"https:\/\/colours.pristup.net\/wp-content\/uploads\/2025\/03\/Copy-of-image1-1-1024x683.jpeg\" alt=\"Bez Ladu A Skladu - Colours of Ostrava\" class=\"wp-image-647\" srcset=\"https:\/\/colours.pristup.net\/wp-content\/uploads\/2025\/03\/Copy-of-image1-1-1024x683.jpeg 1024w, https:\/\/colours.pristup.net\/wp-content\/uploads\/2025\/03\/Copy-of-image1-1-300x200.jpeg 300w, https:\/\/colours.pristup.net\/wp-content\/uploads\/2025\/03\/Copy-of-image1-1-768x512.jpeg 768w, https:\/\/colours.pristup.net\/wp-content\/uploads\/2025\/03\/Copy-of-image1-1-1536x1024.jpeg 1536w, https:\/\/colours.pristup.net\/wp-content\/uploads\/2025\/03\/Copy-of-image1-1.jpeg 2048w\" sizes=\"auto, (max-width: 1024px) 100vw, 1024px\" \/><\/figure>\n\n\n\n<p>Even though Bez ladu a skladu has been inactive for over 25 years, they still perform occasionally. We\u2019re thrilled the band will take the stage at Colours of Ostrava to mark this special anniversary. Michal Ka\u0161\u010d\u00e1k, who has been running the Pohoda festival since 1997, <strong>will join his bandmates to remind us that freedom remains as vital and valuable today as it was back then<\/strong>. On stage, wearing black suits and dark sunglasses, he is joined by Richard Rybn\u00ed\u010dek, the mayor of Tren\u010d\u00edn, and Peter Ka\u0161\u010d\u00e1k, head of the Faculty Hospital in Tren\u010d\u00edn. Together, they unleash a wave of energy that Bez ladu a skladu, despite being more of a passion project than a full-time job for its six members, knows how to deliver.<br><\/p>\n\n\n\n<figure class=\"wp-block-embed is-type-rich is-provider-spotify wp-block-embed-spotify wp-embed-aspect-21-9 wp-has-aspect-ratio\"><div class=\"wp-block-embed__wrapper\">\n<iframe title=\"Spotify Embed: Bez Ladu A Skladu\" style=\"border-radius: 12px\" width=\"100%\" height=\"352\" frameborder=\"0\" allowfullscreen allow=\"autoplay; clipboard-write; encrypted-media; fullscreen; picture-in-picture\" loading=\"lazy\" src=\"https:\/\/open.spotify.com\/embed\/artist\/0ktndVD3KYwypyzWEwRmNW?si=XPUdPWG1SYqXn_1CQE5ddA&#038;utm_source=oembed\"><\/iframe>\n<\/div><\/figure>\n","protected":false},"excerpt":{"rendered":"<p>What began in the mid-1980s as a response to the communist regime has now endured an incredible 40 years. The underground band from Tren\u010d\u00edn has earned cult status throughout its career, as evidenced by an article in The New York Times that named Bez ladu a skladu among the groups that contributed to the fall of the Iron Curtain. In the 1990s, the band was active and released several albums, though their recordings up until then were unofficial.<\/p>\n","protected":false},"featured_media":1219,"menu_order":0,"template":"","meta":[],"program-year":[119],"program-genre":[264],"program-category":[120],"program-country":[245],"class_list":["post-2825","program","type-program","status-publish","has-post-thumbnail","hentry","program-genre-punk-en","program-category-music-programme","program-country-slovensko-en"],"yoast_head":"<!-- This site is optimized with the Yoast SEO plugin v24.2 - https:\/\/yoast.com\/wordpress\/plugins\/seo\/ -->\n<title>Bez Ladu A Skladu - Colours of Ostrava<\/title>\n<meta name=\"robots\" content=\"noindex, follow, max-snippet:-1, max-image-preview:large, max-video-preview:-1\" \/>\n<meta property=\"og:locale\" content=\"en_US\" \/>\n<meta property=\"og:type\" content=\"article\" \/>\n<meta property=\"og:title\" content=\"Bez Ladu A Skladu - Colours of Ostrava\" \/>\n<meta property=\"og:description\" content=\"What began in the mid-1980s as a response to the communist regime has now endured an incredible 40 years. The underground band from Tren\u010d\u00edn has earned cult status throughout its career, as evidenced by an article in The New York Times that named Bez ladu a skladu among the groups that contributed to the fall of the Iron Curtain. In the 1990s, the band was active and released several albums, though their recordings up until then were unofficial.\" \/>\n<meta property=\"og:url\" content=\"https:\/\/colours.pristup.net\/en\/ucinkujici\/bez-ladu-a-skladu\/\" \/>\n<meta property=\"og:site_name\" content=\"Colours of Ostrava\" \/>\n<meta property=\"article:modified_time\" content=\"2025-03-30T14:22:31+00:00\" \/>\n<meta property=\"og:image\" content=\"https:\/\/colours.pristup.net\/wp-content\/uploads\/2025\/03\/Copy-of-image1.jpeg\" \/>\n\t<meta property=\"og:image:width\" content=\"2048\" \/>\n\t<meta property=\"og:image:height\" content=\"1365\" \/>\n\t<meta property=\"og:image:type\" content=\"image\/jpeg\" \/>\n<meta name=\"twitter:card\" content=\"summary_large_image\" \/>\n<meta name=\"twitter:label1\" content=\"Est. reading time\" \/>\n\t<meta name=\"twitter:data1\" content=\"2 minutes\" \/>\n<!-- \/ Yoast SEO plugin. -->","yoast_head_json":{"title":"Bez Ladu A Skladu - Colours of Ostrava","robots":{"index":"noindex","follow":"follow","max-snippet":"max-snippet:-1","max-image-preview":"max-image-preview:large","max-video-preview":"max-video-preview:-1"},"og_locale":"en_US","og_type":"article","og_title":"Bez Ladu A Skladu - Colours of Ostrava","og_description":"What began in the mid-1980s as a response to the communist regime has now endured an incredible 40 years. The underground band from Tren\u010d\u00edn has earned cult status throughout its career, as evidenced by an article in The New York Times that named Bez ladu a skladu among the groups that contributed to the fall of the Iron Curtain. In the 1990s, the band was active and released several albums, though their recordings up until then were unofficial.","og_url":"https:\/\/colours.pristup.net\/en\/ucinkujici\/bez-ladu-a-skladu\/","og_site_name":"Colours of Ostrava","article_modified_time":"2025-03-30T14:22:31+00:00","og_image":[{"width":2048,"height":1365,"url":"https:\/\/colours.pristup.net\/wp-content\/uploads\/2025\/03\/Copy-of-image1.jpeg","type":"image\/jpeg"}],"twitter_card":"summary_large_image","twitter_misc":{"Est. reading time":"2 minutes"},"schema":{"@context":"https:\/\/schema.org","@graph":[{"@type":"WebPage","@id":"https:\/\/colours.pristup.net\/en\/ucinkujici\/bez-ladu-a-skladu\/","url":"https:\/\/colours.pristup.net\/en\/ucinkujici\/bez-ladu-a-skladu\/","name":"Bez Ladu A Skladu - Colours of Ostrava","isPartOf":{"@id":"https:\/\/colours.pristup.net\/en\/#website"},"primaryImageOfPage":{"@id":"https:\/\/colours.pristup.net\/en\/ucinkujici\/bez-ladu-a-skladu\/#primaryimage"},"image":{"@id":"https:\/\/colours.pristup.net\/en\/ucinkujici\/bez-ladu-a-skladu\/#primaryimage"},"thumbnailUrl":"https:\/\/colours.pristup.net\/wp-content\/uploads\/2025\/03\/Copy-of-image1.jpeg","datePublished":"2025-03-10T08:39:39+00:00","dateModified":"2025-03-30T14:22:31+00:00","breadcrumb":{"@id":"https:\/\/colours.pristup.net\/en\/ucinkujici\/bez-ladu-a-skladu\/#breadcrumb"},"inLanguage":"en-US","potentialAction":[{"@type":"ReadAction","target":["https:\/\/colours.pristup.net\/en\/ucinkujici\/bez-ladu-a-skladu\/"]}]},{"@type":"ImageObject","inLanguage":"en-US","@id":"https:\/\/colours.pristup.net\/en\/ucinkujici\/bez-ladu-a-skladu\/#primaryimage","url":"https:\/\/colours.pristup.net\/wp-content\/uploads\/2025\/03\/Copy-of-image1.jpeg","contentUrl":"https:\/\/colours.pristup.net\/wp-content\/uploads\/2025\/03\/Copy-of-image1.jpeg","width":2048,"height":1365},{"@type":"BreadcrumbList","@id":"https:\/\/colours.pristup.net\/en\/ucinkujici\/bez-ladu-a-skladu\/#breadcrumb","itemListElement":[{"@type":"ListItem","position":1,"name":"Dom\u016f","item":"https:\/\/colours.pristup.net\/en\/"},{"@type":"ListItem","position":2,"name":"Bez Ladu A Skladu"}]},{"@type":"WebSite","@id":"https:\/\/colours.pristup.net\/en\/#website","url":"https:\/\/colours.pristup.net\/en\/","name":"Colours of Ostrava","description":"","potentialAction":[{"@type":"SearchAction","target":{"@type":"EntryPoint","urlTemplate":"https:\/\/colours.pristup.net\/en\/?s={search_term_string}"},"query-input":{"@type":"PropertyValueSpecification","valueRequired":true,"valueName":"search_term_string"}}],"inLanguage":"en-US"}]}},"program-params-interpret-block-order":"","program-params-thumbnail-mobile-id":"","program-params-sign-language-available":"","program-params-timeline-description":"","program-tickets-not-included":"","program-events-items-ids":"","program-spotify-iframe":"","program-spotify-position":"center","program-socials-facebook":"https:\/\/www.facebook.com\/p\/Bez-Ladu-a-Skladu-100063270185388\/?locale=cs_CZ","program-socials-youtube":"https:\/\/www.youtube.com\/channel\/UCZ3_fcUFrN2UzZ-LfbtYFTQ","program-socials-spotify":"https:\/\/open.spotify.com\/artist\/0ktndVD3KYwypyzWEwRmNW?si=XPUdPWG1SYqXn_1CQE5ddA","program-socials-instagram":"","program-socials-threads":"","program-socials-tiktok":"","program-socials-linkedin":"","program-gallery-items-ids":[{"program-items-url":"","program-items-title":"","program-items-description":"","program-items-duration":"","program-items-image-id":""}],"program-discover-title":"","program-discover-show-in-modal":"","program-discover-items-ids":"","_links":{"self":[{"href":"https:\/\/colours.pristup.net\/en\/wp-json\/wp\/v2\/program\/2825","targetHints":{"allow":["GET"]}}],"collection":[{"href":"https:\/\/colours.pristup.net\/en\/wp-json\/wp\/v2\/program"}],"about":[{"href":"https:\/\/colours.pristup.net\/en\/wp-json\/wp\/v2\/types\/program"}],"wp:featuredmedia":[{"embeddable":true,"href":"https:\/\/colours.pristup.net\/en\/wp-json\/wp\/v2\/media\/1219"}],"wp:attachment":[{"href":"https:\/\/colours.pristup.net\/en\/wp-json\/wp\/v2\/media?parent=2825"}],"wp:term":[{"taxonomy":"program-year","embeddable":true,"href":"https:\/\/colours.pristup.net\/en\/wp-json\/wp\/v2\/program-year?post=2825"},{"taxonomy":"program-genre","embeddable":true,"href":"https:\/\/colours.pristup.net\/en\/wp-json\/wp\/v2\/program-genre?post=2825"},{"taxonomy":"program-category","embeddable":true,"href":"https:\/\/colours.pristup.net\/en\/wp-json\/wp\/v2\/program-category?post=2825"},{"taxonomy":"program-country","embeddable":true,"href":"https:\/\/colours.pristup.net\/en\/wp-json\/wp\/v2\/program-country?post=2825"}],"curies":[{"name":"wp","href":"https:\/\/api.w.org\/{rel}","templated":true}]}}

<figure class="wp-block-image size-large"><img loading="lazy" decoding="async" width="1024" height="683" src="https://colours.pristup.net/wp-content/uploads/2025/03/Copy-of-image1-1-1024x683.jpeg" alt="Bez Ladu A Skladu - Colours of Ostrava" class="wp-image-647" srcset="https://colours.pristup.net/wp-content/uploads/2025/03/Copy-of-image1-1-1024x683.jpeg 1024w, https://colours.pristup.net/wp-content/uploads/2025/03/Copy-of-image1-1-300x200.jpeg 300w, https://colours.pristup.net/wp-content/uploads/2025/03/Copy-of-image1-1-768x512.jpeg 768w, https://colours.pristup.net/wp-content/uploads/2025/03/Copy-of-image1-1-1536x1024.jpeg 1536w, https://colours.pristup.net/wp-content/uploads/2025/03/Copy-of-image1-1.jpeg 2048w" sizes="auto, (max-width: 1024px) 100vw, 1024px" /></figure>



<p>Even though Bez ladu a skladu has been inactive for over 25 years, they still perform occasionally. We’re thrilled the band will take the stage at Colours of Ostrava to mark this special anniversary. Michal Kaščák, who has been running the Pohoda festival since 1997, <strong>will join his bandmates to remind us that freedom remains as vital and valuable today as it was back then</strong>. On stage, wearing black suits and dark sunglasses, he is joined by Richard Rybníček, the mayor of Trenčín, and Peter Kaščák, head of the Faculty Hospital in Trenčín. Together, they unleash a wave of energy that Bez ladu a skladu, despite being more of a passion project than a full-time job for its six members, knows how to deliver.<br></p>



<figure class="wp-block-embed is-type-rich is-provider-spotify wp-block-embed-spotify wp-embed-aspect-21-9 wp-has-aspect-ratio"><div class="wp-block-embed__wrapper">
<iframe title="Spotify Embed: Bez Ladu A Skladu" style="border-radius: 12px" width="100%" height="352" frameborder="0" allowfullscreen allow="autoplay; clipboard-write; encrypted-media; fullscreen; picture-in-picture" loading="lazy" src="https://open.spotify.com/embed/artist/0ktndVD3KYwypyzWEwRmNW?si=XPUdPWG1SYqXn_1CQE5ddA&#038;utm_source=oembed"></iframe>
</div></figure>

<p>What began in the mid-1980s as a response to the communist regime has now endured an incredible 40 years. The underground band from Trenčín has earned cult status throughout its career, as evidenced by an article in The New York Times that named Bez ladu a skladu among the groups that contributed to the fall of the Iron Curtain. In the 1990s, the band was active and released several albums, though their recordings up until then were unofficial.</p>

<!-- This site is optimized with the Yoast SEO plugin v24.2 - https://yoast.com/wordpress/plugins/seo/ -->
<title>Bez Ladu A Skladu - Colours of Ostrava</title>
<meta name="robots" content="noindex, follow, max-snippet:-1, max-image-preview:large, max-video-preview:-1" />
<meta property="og:locale" content="en_US" />
<meta property="og:type" content="article" />
<meta property="og:title" content="Bez Ladu A Skladu - Colours of Ostrava" />
<meta property="og:description" content="What began in the mid-1980s as a response to the communist regime has now endured an incredible 40 years. The underground band from Trenčín has earned cult status throughout its career, as evidenced by an article in The New York Times that named Bez ladu a skladu among the groups that contributed to the fall of the Iron Curtain. In the 1990s, the band was active and released several albums, though their recordings up until then were unofficial." />
<meta property="og:url" content="https://colours.pristup.net/en/ucinkujici/bez-ladu-a-skladu/" />
<meta property="og:site_name" content="Colours of Ostrava" />
<meta property="article:modified_time" content="2025-03-30T14:22:31+00:00" />
<meta property="og:image" content="https://colours.pristup.net/wp-content/uploads/2025/03/Copy-of-image1.jpeg" />
	<meta property="og:image:width" content="2048" />
	<meta property="og:image:height" content="1365" />
	<meta property="og:image:type" content="image/jpeg" />
<meta name="twitter:card" content="summary_large_image" />
<meta name="twitter:label1" content="Est. reading time" />
	<meta name="twitter:data1" content="2 minutes" />
<!-- / Yoast SEO plugin. -->

What began in the mid-1980s as a response to the communist regime has now endured an incredible 40 years. The underground band from Trenčín has earned cult status throughout its career, as evidenced by an article in The New York Times that named Bez ladu a skladu among the groups that contributed to the fall of the Iron Curtain. In the 1990s, the band was active and released several albums, though their recordings up until then were unofficial.

Domů
